 j**4/12 + j**3/6 - 40*j - 41. Let x(w) be the first derivative of g(w). Determine x(1).
2
Let l = 2340 + -2327. Let u(g) = -g**2 + 12*g + 18. Determine u(l).
5
Let r(s) = -s**2 - 10*s - 25. Let a be r(-8). Let g(z) = -z**3 - 8*z**2 + 9*z - 7. Calculate g(a).
-7
Let k(c) be the first derivative of -c**2/2 + 4*c + 511. What is k(17)?
-13
Let w(i) = -6*i - 2*i - 2 + 4*i - i**2 + 4*i. Calculate w(6).
-38
Let b(q) be the second derivative of q**3/6 - 3*q**2/2 + 294*q. Let g be -1*4 + -2 + 2. Determine b(g).
-7
Let d(n) = -n**3 + n. Let z be d(2). Suppose 3*s + 4 = 5*s. Let t(y) = 0*y - 3*y + y**s + 4*y + 6 + 6*y. What is t(z)?
0
Let z(x) = x**2 + 5*x. Suppose -j - 12 = j. Let a(g) = -g**2 - 6*g + 2. Let n be a(j). Suppose -7 = n*o + f, -f - 9 = -4*f. Determine z(o).
0
Let t = 33 + -32. Let m be 1 - 2 - 3*-2*t. Let k(s) be the first derivative of s**2/2 - 3*s + 1. Determine k(m).
2
Let z(f) = -7*f + 1. Let k(d) = -2*d. Let i(g) = 3*k(g) - z(g). Calculate i(4).
3
Let h(n) = -8*n - 41. Let o be h(-6). Let i(g) = -4*g + 11. Determine i(o).
-17
Let s(t) = 2*t. Let w(n) = -n**3 + 10*n**2 - 7*n - 18. Let p be w(9). Determine s(p).
0
Suppose -5 = a - h, 0 = -4*a - 2*h - 8. Let x be (2 - 3) + (3 - (a + 6)). Let u(z) = -3*z - 4*z + 5*z. Give u(x).
2
Let q = 31 + -46. Let f(s) = -2*s + 5. Let p(v) = -v + 2. Let z(n) = q*p(n) + 6*f(n). Determine z(2).
6
Let p(i) = 4*i**3 - 6*i**2 - 3*i + 3. Let g(v) = 3*v**3 - 6*v**2 - 2*v + 4. Let w(n) = -3*g(n) + 2*p(n). Let b = 186 + -180. Give w(b).
-6
Let b = 60 - 3. Let o = b - 51. Let q(j) = -7*j**3 + 11*j**2 + 15*j - 9. Let y(c) = -6*c**3 + 10*c**2 + 14*c - 9. Let w(r) = 5*q(r) - 6*y(r). Determine w(o).
-9
Let h(q) be the second derivative of -3*q**2 - 14*q - 1/12*q**4 + 0 + 1/6*q**3. Calculate h(0).
-6
Let y(g) = -g + 4. Suppose -12*i + 10*i = 5*c - 58, 4*c - 24 = 4*i. Calculate y(c).
-6
Let i(n) be the second derivative of -n**7/2520 - n**5/120 + n**4/6 + n**3/6 - 25*n. Let a(u) be the third derivative of i(u). Calculate a(1).
-2
Let s(w) be the second derivative of -w**7/2520 - w**6/180 - w**5/20 - 7*w**4/6 - 12*w. Let q(b) be the third derivative of s(b). What is q(-5)?
-11
Let c(s) = s**3 + 10*s**2 + 16*s + 2. Let v be c(-8). Suppose -u = -m - 7, -u - 3*m = v*u - 21. Let y(l) = l**2 - 7*l + 4. What is y(u)?
4
Suppose 54 + 98 = 38*l. Let v(m) = -4*m + 7. Calculate v(l).
-9
Let c(v) be the third derivative of -v**6/120 - v**4/24 + 9*v**2 + 2*v. Let m(t) = -4*t**3 - t + 1. Let j(s) = 3*c(s) - m(s). Calculate j(-1).
0
Suppose v = 2*s + 8, -4*v - 5*s + 21 = -2*s. Let w(p) = -2*p**2 + 14*p - 7. Let h be w(v). Let d(o) = -o**3 + 3*o**2 + 5*o + 6. What is d(h)?
-19
Let x be ((-52)/10)/((-6)/15). Let p(d) = 8*d - 15. Let r(i) = 17*i - 31. Let l(g) = x*p(g) - 6*r(g). What is l(6)?
3
Let a(o) = o**2 - 1. Let w be -15 - 1819/(-119) - (-229)/7. Suppose 20 = 3*u + 107. Let p = w + u. Give a(p).
15
Let t be (-2)/(((-10)/(-19))/(-5)). Suppose 4*v - t = -3*i, -v - 11 = -3*i + 3*v. Suppose 0 = 2*r + 3*r - i. Let b(g) = 7*g**3 + 2*g**2 - g. Give b(r).
8
Let j(w) = 5 - 24 + 5 - w. Give j(0).
-14
Suppose 2 = -c + 2*c. Let l(p) = -26*p - 2 + 1 - p**3 + 28*p - p**2. Calculate l(c).
-9
Let f be 40/10 + 5 - 12/2. Let v(m) = m - 6. Calculate v(f).
-3
Let l be (27/6)/(3/6). Let x(c) = 7*c**2 - l*c**2 + c**2 + 3 + 3*c. Determine x(-2).
-7
Let r(h) = -9*h - 6. Let v(u) = -7*u - 5. Let a(o) = -3*r(o) + 4*v(o). Give a(-3).
1
Let w(k) = k**2 - 2*k - 3. Let y(m) = 2*m + 23. Let b be y(-5). Suppose -8*o = b + 3. Give w(o).
5
Suppose -z - 1 = 4*z + 4*m, -3*m = -5*z + 27. Let p(v) = -2*v**2 + 2*v**2 - v**2 + 1 + 3*v**z + 0*v**3. Give p(1).
3
Let u = -80 + 100. Suppose -18*l = -14*l - u. Let i(x) = 4*x + 5*x**2 + 2 - x**3 - 2*x - 3*x. Give i(l).
-3
Let w(k) = -5*k**2 + 12 - 12*k + k**3 - k**2 - 11*k**2 + 6*k**2. Give w(12).
12
Let d = -345 - -349. Let y(t) = t**2 - 6*t - 1. Calculate y(d).
-9
Let y(x) be the second derivative of x**4/12 - 3*x**3/2 - 3*x**2/2 + 126*x. Let o(g) = 6*g - 2. Let q be o(2). Give y(q).
7
Let t(z) = 2*z**2 - 2*z - 5. Let h(y) be the first derivative of -y + 15. Let g(a) = 6*h(a) - t(a). Calculate g(1).
-1
Let i(f) = 4*f - 3. Let r be (10 - (10 + -6)) + 1*-3. Give i(r).
9
Let p(a) = -a**3 - 6*a**2 - 6*a + 1. Let h be p(-5). Let w(m) = 24*m - 25*m + 0 + 4. Let q(j) = -3*j + 11. Let c(i) = -3*q(i) + 8*w(i). Calculate c(h).
5
Let y(j) = -j**3 - 4*j**2 - j + 3. Let a = 17 - 17. Suppose 0 = -2*t + 4, a = -2*i - 0*i + 2*t - 10. Give y(i).
-3
Let w(v) = 2*v + 4. Let l be (-1)/(25/30*(-4)/(-30)). Give w(l).
-14
Suppose -22 + 57 = 5*v. Suppose -3*g + 0*g = -t + v, -g + 11 = -3*t. Let i(k) = k**3 + 5*k**2 + 4*k + 2. Determine i(t).
-18
Let k(x) = -x**2 + x. Let c(f) = 3*f**3 + 3*f**2 - 4*f + 1. Let t(b) = -c(b) - 4*k(b). Determine t(-1).
3
Let k = -940 - -943. Let h(p) = -5*p + 5. Let o(c) = c - 1. Let g(w) = -2*h(w) - 11*o(w). Calculate g(k).
-2
Let j(k) = -5*k**2 - k + 2. Let m(q) = 14*q**2 + 3*q - 5. Let g(r) = -8*j(r) - 3*m(r). Calculate g(-2).
-7
Let b(h) = h - 1. Let l be 4/((-48)/9) - (-3)/(-12). Let g(d) = -3*d - 2*d - 6*d**2 - 1 + 4*d. Let s be g(l). What is b(s)?
-7
Suppose -2*n - 3*y - 5 = 0, 3*y = -n - 0*y - 7. Let q(m) = -m + m**n - 1 + 5 - 4 + 1. Suppose -17*g - 4 = -21*g. Calculate q(g).
1
Let n(t) = -t**3 + t**2 - t - 1. Let d = 34 + -25. Let v = 33 - d. Let z = -25 + v. Give n(z).
2
Let c = -3 + 3. Suppose 2*s - 4 = h, -s = 3*h - 9 - 7. Suppose c = h*m - m - 21. Let l(d) = -d**2 + 8*d - 2. What is l(m)?
5
Suppose x = 2*v - 5*v + 18, -3*v = 3*x - 18. Let w be -10 + (-3)/((-9)/v). Let g(s) = -s**3 - 8*s**2 - s - 11. Determine g(w).
-3
Let p(h) be the first derivative of h**2/2 + 5*h + 9. Let f(r) = -r**2 + 10*r + 35. Let m be f(13). What is p(m)?
1
Let k(q) = 5*q**3 + 37*q**2 + 4*q - 12. Let h(t) = -t**3 - 9*t**2 - t + 3. Let o(m) = 9*h(m) + 2*k(m). Give o(7).
-4
Suppose -u + 2 = -1. Suppose -1 = -h - u. Let n(c) = -c**2 + 1. Let q(k) = -3*k**2 - 4*k - 3. Let p(o) = h*n(o) + q(o). Give p(-4).
-5
Suppose -h + a + 14 = 9, -4*h + 14 = -a. Let o(t) be the third derivative of -1/12*t**4 - 6*t**2 + 0 + 0*t + 1/6*t**h - 1/60*t**5. What is o(-3)?
-2
Let s(o) = 8*o - 76. Let g be s(10). Let a(z) = 3*z**2 - z - 3. Let m(q) = -q**2 - q. Let j(d) = -a(d) - 2*m(d). Calculate j(g).
-1
Let p = -57 + 61. Suppose -4*j = 6*x - x - 31, 2*j = -p*x + 20. Let m(i) = -i**3 + 5*i**2 - 5*i + 3. Determine m(j).
-1
Let f(v) = v**3 + 6*v**2 + 7. Let d = -15 + 10. Give f(d).
32
Let g(m) = 5*m**3 - 8*m**2 - 3*m + 1. Let l(n) = -2*n**3 + 4*n**2 + 2*n - 1. Let b(q) = 3*g(q) + 7*l(q). Give b(-4).
-24
Let p(f) = 6958*f - 6*f**2 + 1 + 6963*f - 13922*f. Let d be (-2)/(-3) + (-2)/(-6). Give p(d).
-6
Suppose 5*u = 5*d - 2*d - 35, 4*u + 4*d = 4. Let t(s) = -11*s**3 - s**2 - 40*s + 1. Let h(i) = -i**3 - 4*i. Let w(f) = 21*h(f) - 2*t(f). Give w(u).
-18
Let j(k) = -81097 + 2*k - 3*k + 40555 + 40548. Suppose -4*f = -2*f - 24. Determine j(f).
-6
Let h(z) = -z**3 - 6*z**2 - 6*z - 3. Let r be h(-5). Let o(b) = -b**2 + b - r*b - 3 + 5. Suppose 0 = -31*a - 0. Determine o(a).
2
Let u(n) = n. Let v = 40 - 43. Suppose 5*z - 2 = -s, z + 3*z - 6 = -3*s. Let h = z + v. What is u(h)?
-3
Let j(f) = -5*f**2 + 23*f + 1. Let n(q) = 4*q**2 - 21*q - 3. Let s(x) = -5*j(x) - 6*n(x). Calculate s(-9).
-5
Suppose -3*x - 5*b - 158 = -0*x, 4*x + 3*b + 218 = 0. Let t be (-2)/(x/(-76)) - 4/14. Let z(f) = 3*f**2 - f**2 - f**3 - 7*f**2 - 4*f. Give z(t).
-6
Let f be 1/(-3) - (-1)/3. Let h(a) = -a**3 + 8*a**2 + 8*a + 13. Let o be h(9). Suppose -l = -f*l + o. Let y(v) = v**3 + 4*v**2 + v. Calculate y(l).
-4
Let b(c) = -15*c - 26. Let m(n) = -7*n - 13. Let u(p) = -6*b(p) + 13*m(p). Let d be u(-16). Let q(x) = -4*x - 9*x + x**3 + 8*x - d*x**2. Give q(4).
-4
Let q(i) = 2*i - 1. Let l(y) = y**3 + y**2 - y - 4. Let g be l(0). Let d be 1/(-1*(-5)/(-90)). Let s be d/12 - (-2)/g. Determine q(s).
-5
Let r = 2773 - 2778. Let p(b) = -b**2 - 1. Let k(i) = -5*i**2 - 5*i - 2. Let a(j) = k(j) - 4*p(j). Calculate a(r).
2
Let h(z) be the second derivative of z**4/3 - 2*z**3 + 5*z**2/2 + 7*z. Let v(s) = s**2 - s. Let i(r) = h(r) - 3*v(r). What is i(8)?
-3
Let x(k) = -9*k + 34. Suppose 0 = 27*u - 19*u - 32. Calculate x(u).
-2
Let s(r) = 6*r - 24*r + 11*r + 2 + 3*r. Determine s(4).
-14
Let g(k) = 4*k**2 + 7*